 0 = w - 10 + 6. Suppose 0 = -w*c - 5 + 13. What is the units digit of c?
2
Let m be (-4 + 2)/(-2 + 3). Let s(t) = -t - 1. Let b(x) = 10*x + 10. Let r(h) = -b(h) - 8*s(h). What is the units digit of r(m)?
2
Let p(h) = 10*h - 7 + 4*h + 9. What is the units digit of p(1)?
6
Let t = -8 - 15. Let f = t - -12. Let u = -7 - f. What is the units digit of u?
4
Let x = 15 - 10. Suppose -x*l + 27 = -18. What is the units digit of l?
9
Let r(b) = -15*b**2 - 4*b - 1. Let w be r(-3). Let n = -84 - w. Suppose -4*o + 0*o - p = -29, 5*o + 2*p = n. What is the units digit of o?
6
Let z = -17 - -31. What is the tens digit of z?
1
Let p be -1 + 12 + 0 + -2. What is the tens digit of 3*1/p*42?
1
Let m = 7 - 5. Suppose -m*g + 5*g = 45. What is the units digit of g?
5
Let a(w) = 48*w**2 - 2. What is the tens digit of a(-1)?
4
Suppose 4 = n - 5. Let l(h) = -h**3 + 10*h**2 - 8*h - 4. What is the units digit of l(n)?
5
Let l be 6/(-21) - (-37)/7. Suppose l*d - 5*y - 3 = d, 3*d = -2*y + 8. Let t(k) = k**2 - k. What is the units digit of t(d)?
2
Let q(b) = 6*b**3 + b. Let r be ((-1)/1 + -1)/(-2). What is the units digit of q(r)?
7
Let r be (-6)/(-30) - (-118)/10. Suppose r = l + l. What is the units digit of l?
6
Let h = 25 + 6. What is the tens digit of h?
3
Let p be 6/8 + 2/8. Suppose 3*z - 2 = p. What is the units digit of z?
1
Let o(r) = r**3 - r**2 + 1. Let c be o(0). Let b = c + -2. Let m = b + 9. What is the units digit of m?
8
Let k = 5 - 12. Let o = 12 + k. What is the units digit of o?
5
Let q = 6 - 6. Suppose 4*x + 3*y - 24 = q, -4*x + 2*y + 28 = 6*y. What is the units digit of x?
3
Let l = 8 - 6. Let g = l - -1. What is the units digit of g?
3
Let d be 2 - -1 - 0/3. Let c = 3 - d. Let y = 5 - c. What is the units digit of y?
5
What is the hundreds digit of (-13700)/(-40)*8/10?
2
Suppose -4*s + 4*h = -0*s - 16, -5*h + 7 = 4*s. Suppose -4*v + 0*m + 90 = -m, -52 = -2*v - s*m. Suppose -19 - v = -3*k. What is the tens digit of k?
1
Let j = 92 + -40. What is the tens digit of j?
5
Suppose -5*r - 6*h + 5*h = -1195, -955 = -4*r - h. What is the tens digit of r?
4
Let y(g) = -2*g**3 + 3*g**2 - 2*g + 1. Let a = 8 + -6. Let p be y(a). What is the units digit of 0/2 - p/1?
7
Let r(a) = -16*a - 38. What is the hundreds digit of r(-12)?
1
Let r = -12 + 18. Suppose 0 = r*o - o + 55. Let z = 19 + o. What is the units digit of z?
8
Suppose -19 = -5*j + 1. Suppose -c = j*c - 10. What is the units digit of c?
2
Let o(r) = -r**3 - 6*r**2 - r - 5. Let i be 0/(-2) - (-24)/(-4). What is the units digit of o(i)?
1
Let x = -52 + 26. Let j = x + 43. What is the tens digit of j?
1
Let v(m) = m**2 - 6*m + 7. Let x be v(5). Suppose 3*j - 6*j = 0. Suppose c = -2*d + 3, j*d = -x*c - 3*d + 8. What is the units digit of c?
7
Let c(w) be the third derivative of -w**4/24 - w**3/3 + 2*w**2. Let i(b) = -3*b. Let f be i(2). What is the units digit of c(f)?
4
Let l = -30 - -47. What is the tens digit of l?
1
Let c = 10 - 9. What is the units digit of c?
1
Let s(i) = -i**3 + 11*i**2 - 4*i + 4. Let r be s(6). Let c = -9 + -5. What is the units digit of r/28 - 4/c?
6
Suppose -8*q + 2136 + 920 = 0. What is the tens digit of q?
8
Suppose 0 = -4*o + 16 - 0. Suppose -147 = -o*d - 23. What is the tens digit of d?
3
What is the tens digit of (-2 - -1)/(6/(-150))?
2
Suppose -3*q + 3340 = 7*q. What is the units digit of q?
4
Suppose -92 = -5*m + 3*m. Suppose -5*b + 142 = 4*z, -2*b - m = -4*b + 2*z. Let x = b + -11. What is the units digit of x?
5
What is the tens digit of (-2934)/(-15) + 12/30?
9
What is the tens digit of ((-140)/15)/(-7)*45?
6
Let i(f) = -2*f**2 - 18*f - 1. Let c(l) = -l**2 - 9*l - 1. Suppose -4*b - 15 - 2 = n, -b - n = 5. Let a(s) = b*i(s) + 9*c(s). What is the units digit of a(-8)?
3
What is the units digit of (4/6)/((-8)/(-2112))?
6
Suppose 0 = 3*u - 584 - 145. What is the tens digit of u?
4
Suppose 2*w - 2 + 10 = 0. Let g = w - -5. What is the units digit of -1 + 4 + g + 7?
1
Let q(y) = y + 8. Let g(s) = -3*s - 17. Let r(i) = -2*g(i) - 5*q(i). Let o be r(6). What is the units digit of 10 + -1 + o + 0?
9
Suppose -3 = 4*a - 7*a - 5*g, -2*a + 2*g + 18 = 0. What is the units digit of (-2 - -11)/(-3) + a?
3
Suppose 0*t + t = 4*z - 14, 5*t - 5*z - 5 = 0. What is the tens digit of t/4 - (-62)/4?
1
Suppose -2*o + 62 = 4*a, 3*o = -2*o - a + 146. What is the units digit of o?
9
Let f(c) be the third derivative of c**6/120 + c**5/10 + c**4/12 - 2*c**3/3 - 4*c**2. What is the tens digit of f(-5)?
1
Let s = 5 + -5. Let d = 11 - s. What is the tens digit of d?
1
Let h(a) = -5*a + 4. What is the tens digit of h(-2)?
1
Let r = -5 + 2. What is the units digit of r/(-2) + 2/(-4)?
1
Let u(j) be the first derivative of j**2 - 3*j + 4. What is the units digit of u(2)?
1
Let v be 5/(-2)*294/(-35). Suppose -46 = -5*a - v, -3*a = -j + 16. What is the tens digit of j?
3
Suppose 4*k = 2*k. Let p(h) = -3*h**2 + h + 5. Let g(d) = -16*d**2 + 5*d + 25. Let y(z) = -2*g(z) + 11*p(z). What is the units digit of y(k)?
5
Let y = -266 + 469. What is the hundreds digit of y?
2
What is the tens digit of (-1)/(-1) - -3*10?
3
Let p(j) = j**2 - 1. Let k(x) = -x**3 + x**2 + 2*x - 3. Suppose 5*i = 4*i + 2. Let y be k(i). What is the units digit of p(y)?
8
Let u(k) = k**2 - 3*k. Let m be u(5). Suppose 3*h = -49 + m. Let s = 18 + h. What is the units digit of s?
5
What is the tens digit of (2/(-3))/(-1*2/543)?
8
What is the tens digit of (0 - -138)*11/22?
6
Suppose 4*h - 2*p + p = 22, -5*h + 31 = -3*p. Suppose -24 = h*a - 109. What is the tens digit of a?
1
Let u(x) = 0 + 6*x**2 + 0 + 3 - 4. What is the units digit of u(1)?
5
Let f(h) = -h**2 - 15*h. What is the units digit of f(-14)?
4
Suppose i - 12 = -5*q, -3*q = 2*q + 2*i - 14. Suppose 0*l - y = l + 1, 3*y + 23 = q*l. What is the units digit of (l + -11)*(-6)/7?
6
Let s = 13 - 11. Suppose -s*b + 7*b - 3*p = 128, 2*p - 48 = -2*b. What is the units digit of b?
5
Let m = 22 - 2. Let a = 42 - m. What is the tens digit of a?
2
Suppose -2*r + 25 + 25 = 0. Let l = -17 + r. What is the units digit of l?
8
Let g be (-9)/(-6)*-2 - -12. Suppose n = -3*i + g, n - 4*n + 53 = -4*i. What is the tens digit of n?
1
Suppose 8 = -y + 3*y. What is the units digit of y?
4
Let h(l) be the first derivative of -l**4/4 - 13*l**3/3 - 7*l**2 - 7*l + 1. What is the tens digit of h(-12)?
1
Let b(p) = 2*p + 3. Let x be b(-2). Let d be 0/x + -2 + 2. Suppose a + 4*g + g = 17, -a - 2*g + 14 = d. What is the tens digit of a?
1
Let k(y) be the first derivative of y**3 + 2*y**2 - 4*y + 8. What is the units digit of k(-5)?
1
Suppose 2*p + 12 = -2*c + 3*p, -3*c - 4*p - 29 = 0. Let y = c - -7. Suppose -2*z + 19 = 3*a - 4, a - 2*z + 3 = y. What is the units digit of a?
5
What is the tens digit of (-39)/(-52) - 594/(-8)?
7
Let t = -105 + 361. What is the tens digit of t/12 - (-2)/(-6)?
2
Let p be 1 - (3 + -4*3). Suppose -y = y - p. What is the units digit of y?
5
Let k = 47 - 19. What is the tens digit of k?
2
Let y(f) = -8*f**2 - f - 1. Let z be y(-1). Let j = -7 - z. What is the units digit of j?
1
Suppose 3*s - 5*s - 44 = 0. Let i be (-104)/(-28) - (-2)/7. What is the units digit of (s/i - -2)*-2?
7
Let h(v) be the first derivative of -v**2/2 + 16*v - 4. What is the units digit of h(7)?
9
Suppose -3 = 3*m, 5*o + 5*m = o - 21. Let v = 7 - o. What is the units digit of v?
1
Let p be 1/2*(15 + -15). Suppose -4*f + 25 + 63 = p. What is the tens digit of f?
2
Let l(i) = -2*i - 4. Let x be l(-5). Let z = x - -2. What is the units digit of z?
8
Let w(u) = -u**2 - 3*u - 1. Let c be w(-2). Let i = 4 - c. Let h = i - 1. What is the units digit of h?
2
Let w(m) = -m**2 + 2. Let p be w(-3). Let a = -5 - p. What is the units digit of (-11 - -2)/((-3)/a)?
6
Let p be 0/(1 - (-3 - -5)). Let v = p - -14. What is the tens digit of v?
1
Suppose -97 = 4*w - 661. What is the tens digit of w?
4
Let f(d) be the third derivative of -d**4/12 + d**3/6 + d**2. Let h = -9 + 8. What is the units digit of f(h)?
3
Let z(k) be the third derivative of k**6/40 + k**4/24 - k**3/6 + k**2. Let q be z(1). What is the units digit of (0 - q)*2/(-6)?
1
Suppose -4*t = -14 - 38. Suppose 0 = -4*p - t + 37. What is the units digit of p?
6
Let m(p) = -6*p - 49. What is the tens digit of m(-15)?
4
Let r = 8 - 6. Suppose -5*u - r*m = -10, -3*u = -m - 4 - 